(q) = -14*q**2 + 16*q + q**3 - 7*q - 12*q + 8 - 7*q. Is w(15) a composite number?
False
Suppose 6 = 4*x - 18. Suppose -g + 4*g - x = 0. Is (0 + -1)/(g/(-106)) a composite number?
False
Let f(v) = -2 + 84*v + 46*v - v. Is f(1) a prime number?
True
Let l = -2 - -3. Suppose -5*g = -5*x - 0*x, -5*x + l = -4*g. Is -2 - -309 - x*-2 prime?
False
Suppose 5*d + k = 64444, 4*d + 31304 = -4*k + 82856. Is d prime?
True
Suppose a + 3*a + 28 = 4*w, 2*w - 26 = 4*a. Let j(u) be the first derivative of 7*u**3/3 + u**2/2 + 11*u - 1. Is j(a) composite?
False
Let n(y) = y**2 + 10*y + 2. Let i be n(-10). Let k(z) = 3 - 2*z + 2 - 6 - 209*z**3 + z**2 - i*z**2. Is k(-1) prime?
False
Let p = -796 - -2178. Is p a prime number?
False
Let d(o) = 351*o**2 + 29*o - 171. Is d(5) prime?
False
Suppose -7*c + 57014 = -5*c - 3*o, c - 28521 = -2*o. Is c a composite number?
False
Suppose -a - 5048 = -2*c - 5*a, -3*a = 3*c - 7557. Suppose -4*o - 2004 = -4*b, -6*b + b - 4*o = -c. Is b prime?
False
Let m(v) = -v**2 + 14*v - 10. Let a be m(13). Suppose -257 = -a*f - 5*p, p + 2*p + 304 = 4*f. Suppose -3*n + n - 82 = -4*w, -n - f = -4*w. Is w composite?
False
Let b(m) = -5 - 16*m + 18*m**2 + 2*m + m**3 - 2*m**3 + m. Is b(13) composite?
True
Is ((-1)/(-3)*-1)/(101/(-914757)) a prime number?
True
Let k(v) = -v**2 + 9*v - 4. Let n be k(9). Let m be 17815/(-14) + 2/n. Let q = -802 - m. Is q composite?
True
Suppose -3*q - 904 = -2*q + 3*d, 4*d = 3*q + 2647. Suppose -2*i - 5*g = -3*i + 5, -2*g - 2 = -4*i. Is q/(-7)*(i - -1) composite?
False
Let w be 3 + 1 + (-2 - -1). Suppose 42 = 4*z - 2*m, m - 57 = -z - w*z. Is 843/z + (-12)/(-78) a composite number?
True
Let j be (2/3)/(3/9). Suppose 0 = 7*n - j*n + 30. Is 1074/3 + n/2 a prime number?
False
Let l(o) = -8*o**2 - 16*o + 13. Let q(g) = -7*g**2 - 15*g + 14. Let m(u) = 3*l(u) - 4*q(u). Is m(-12) a prime number?
False
Suppose 7*l = 5010 + 1339. Is l a prime number?
True
Let a be (-28)/21*(-3)/2. Suppose -2*k + 498 = 4*t, a*k + t - 742 = -k. Is k composite?
True
Suppose 974178 = 92*u + 5510. Is u composite?
False
Let q(l) = 149*l**2 + 7*l + 19. Is q(-3) a composite number?
True
Let d = 11 - 8. Suppose -8*f = -d*f + 10. Let j(k) = -k**3 + k**2 + k. Is j(f) composite?
True
Let b be 6/4*(-3 - -1)*1. Is (-7511)/(-3) + (-2 - 4/b) composite?
False
Let p be (152/(-24) + -5)/(4/6). Is (2/(2*-1))/(p/68833) a composite number?
False
Let m = -5547 + 23584. Is m prime?
False
Let g = 13 - 11. Suppose -34 = -g*s + 4. Is s a composite number?
False
Let j be (-1)/((3/(-4))/(-3)). Is 14/((j/(-4))/(34/4)) composite?
True
Let t(s) = -s + 3. Let u be t(0). Suppose 337 = 4*z - 3*z - n, 0 = u*z + 4*n - 997. Let k = z + -174. Is k a prime number?
False
Let t(z) = -3*z + 1 - 4*z + 0*z - 7. Is t(-13) a prime number?
False
Let i = -6156 - -12401. Is i prime?
False
Suppose -6*r = -2*r - 4. Let f = -286 + 298. Is 4*r - f/12 a prime number?
True
Let o(p) = 24*p**3 - 5*p - 6. Let w(f) = -23*f**3 + 4*f + 5. Let s(q) = 6*o(q) + 7*w(q). Let i be s(-1). Is (-42895)/(-45) + (-4)/i composite?
False
Let i = -24 + 12. Let a = i + 11. Is (a + -2)/(-3) - -96 a composite number?
False
Let h(w) = -w**2 - 86*w**3 - 2*w**2 - 385*w**3. Let u be h(-2). Suppose 0 = 3*d - p - 2825, p = 4*d - 3*p - u. Is d composite?
True
Let s(a) = 3*a + 3127. Is s(0) composite?
True
Let w be 99/21 + (-4)/(-14). Suppose w*j = 4*j + 5*h - 15, -5*j = 4*h - 12. Suppose j = -3*n + 69. Is n a composite number?
False
Let h(f) = f**3 + 30*f**2 + 34*f + 15. Suppose 3*b = 5*b - 3*g + 59, -5*g - 51 = 2*b. Is h(b) composite?
False
Is 4 - (-5 - -12) - -5230 composite?
False
Let j = 51396 - 33215. Is j a composite number?
False
Suppose 108155 = 12*l - 155401. Is l a prime number?
False
Let d = -22 - -22. Suppose d = -l + 23 + 235. Suppose 4*j - l = -2*v, -2*j = -4*v - 0*j + 536. Is v a composite number?
True
Suppose 4*x - 20 = -0. Suppose x*s = -5*w - 385, -4*s = -s + w + 241. Let c = s + 140. Is c composite?
True
Suppose 5*t + 25 = 0, 0 = 4*r + 6*t - 11*t - 3093. Is r prime?
False
Suppose 24605 = 20*p + 15*p. Is p prime?
False
Let l = 21 - 194. Let b = l + 814. Is b a composite number?
False
Let z(o) = o**3 - 9*o**2 + 3. Let l be z(9). Suppose 4*r + 631 = l*x - 0*r, 2*r - 227 = -x. Is (0 - 4)*x/(-28) a composite number?
False
Let b(o) = 12*o - 54. Let w be b(12). Suppose 4*z = 5*d + 67 + w, 98 = 2*z + 4*d. Is z a prime number?
True
Suppose -11*c + 231099 = 86416. Is c a composite number?
True
Is (-22)/(-88) - 29131/(-4) prime?
True
Suppose -11*x + 25848 + 10023 = 0. Is x a prime number?
False
Let n be 4/12 + 2 + (-33)/(-9). Let q(h) be the first derivative of 43*h**2/2 + 11*h + 2. Is q(n) a composite number?
False
Suppose -5*j - 3*r + 60 = -2*j, -4*r = -5*j + 82. Let i = 22 - j. Suppose -i*m = -81 - 43. Is m prime?
True
Suppose -3*z = u - 2039, 3*z = u + 1699 + 342. Suppose 2*i = 2642 - z. Let h = i + -14. Is h prime?
True
Suppose 5*o = -5*g + 1340, 2*o - 698 = 2*g - 150. Let v = 364 + o. Is v a prime number?
False
Let n(m) = 4*m**2 + 27*m + 3. Suppose -4*l - 36 = -5*y, -y = -5*l - 5*y - 86. Is n(l) prime?
True
Let x = 2842 - 1998. Suppose -21*j + x = -17*j. Is j a composite number?
False
Let n be (2313/(-12))/((-3)/8). Suppose -4*p + 2*p = -n. Is p prime?
True
Let h = -57105 - -105302. Is h composite?
False
Let r = 60 - 28. Suppose 243 = q + r. Is q a composite number?
False
Let q = -1242 + 5527. Is q a prime number?
False
Let i(t) = t**2 + 5*t. Let u be i(-8). Suppose -f + u = -103. Is f a prime number?
True
Let j(a) be the first derivative of a**6/120 + a**5/30 - 7*a**4/24 + 5*a**3/6 - a**2/2 - 7. Let l(n) be the second derivative of j(n). Is l(6) a prime number?
True
Suppose 20*v + 286285 = 1872465. Is v composite?
False
Is (-4605)/10*(-286)/39 prime?
False
Let u = 772 + -125. Is u a prime number?
True
Let d = 25 + -21. Let j(w) = w**2 - 1. Let v be j(-1). Suppose 2*t + t + 4*o - 231 = v, -d*o = 0. Is t prime?
False
Let m = -4610 + 6655. Is m prime?
False
Let f = -696 - -1670. Is f a composite number?
True
Let u(v) = -76*v**3 - 2*v**2 + 3*v + 1. Is u(-6) composite?
True
Let n = -249 + -2. Let h = n - -718. Is h composite?
False
Let f = -47 - -146. Suppose 3*z + 30 = f. Is z a composite number?
False
Let h = -12 + 7. Let v be (h/15)/((-1)/12). Suppose 5994 - 2438 = v*y. Is y composite?
True
Suppose 4*y = -5*z + 52487, -41986 = -4*z - 3*y - 2*y. Is z composite?
False
Suppose 6 = 3*d - d. Suppose d*g + 1323 = 5088. Is g a prime number?
False
Suppose 5*z + 224 = 4*h, -4*z = 5*h - 119 - 161. Suppose -283 = -3*m + h. Suppose -4*c = -m - 411. Is c a composite number?
False
Let n = -41 + 31. Let a = 4 - n. Suppose a*c - 9*c - 1535 = 0. Is c prime?
True
Let f(x) = 301*x + 60. Is f(37) a composite number?
False
Let s be 25/4 + (-105)/84. Let z(h) = 9*h**2 - 12*h + 29. Is z(s) prime?
False
Let u(f) = -680*f - 3. Let d be 1 - 1/2*6. Is u(d) prime?
False
Suppose -5*t - 10195 = -5*c + 145, -2*t - 6199 = -3*c. Is c a composite number?
False
Is (-23259)/(-9)*(-14 + 17) a prime number?
True
Let p(q) be the second derivative of -7/2*q**2 + 11/12*q**4 + 0 + 5*q - 5/6*q**3. Is p(6) a composite number?
False
Let t(o) = 56*o**3 + 6*o**2 + 6*o - 21. Is t(5) a composite number?
False
Is (-2 + (11371 - 0))/(7/21) composite?
True
Let v = 50173 + -25680. Is v composite?
True
Suppose 2308 = -t + 483. Let c = -976 - t. Is c a prime number?
False
Suppose 0 = 13*i - 19*i - 30. Is (-4)/(-10) + (-8913)/i prime?
True
Suppose 1308 = -5*p + 7793. Suppose -p + 54 = -11*t. Is t a prime number?
True
Let k = 151 - 141. Suppose 0 = k*b - 15099 + 2249. Is b a composite number?
True
Suppose 13300 = 4*i + 3*z - 5*z, 4*z = -5*i + 16599. Is i composite?
False
Suppose 29*n - 26*n = -69. Is ((-26)/(-26))/((-1)/n) composite?
False
Let j = -34 - -31. Is (-794 - j)*(0 + -1) prime?
False
Let h = 18960 - 10517. Is h a composite number?
False
Suppose -4*v + 5*l = 4 + 55, -l - 17 = v. Let o be (2/2)/((-1)/47). Let b = v - o. Is b prime?
True
Suppose -9*v = -7*v - 8. Let m be (299 - 1)*(-6)/(-4). Suppose v*a - m - 557 = 0. Is a prime?
True
Let w be 24/32 + (-1)/(-4). Let s(t) = -5*t - 2*t**2 + 3*t + 3*t**3 - w + 6. Is s(4) composite?
False
Let s(x) = x**2 - 3*x - 1. Let o be s(4). Let b be (383 + o)*(-4)/(-8). Suppose -4*i + b - 69 = 0. Is i a composite number?
False